{"id":139,"date":"2019-01-07T18:10:12","date_gmt":"2019-01-07T18:10:12","guid":{"rendered":"http:\/\/centromedicoeureka.it\/?page_id=139"},"modified":"2020-01-31T08:14:50","modified_gmt":"2020-01-31T08:14:50","slug":"privacy-policy","status":"publish","type":"page","link":"https:\/\/centromedicoeureka.it\/?page_id=139","title":{"rendered":"Privacy Policy"},"content":{"rendered":"<p><strong>La Privacy policy di questo sito<\/strong><\/p>\n<p><strong>Soggetti interessati: Navigatori<\/strong><\/p>\n<p>Ai sensi del Regolamento (UE) 2016\/679 (di seguito \u201cRegolamento\u201d), questa pagina descrive le modalit\u00e0 di trattamento dei dati personali degli utenti che consultano il sito web www.centromedicoeureka.it Si precisa che la politica sulla Privacy potrebbe essere modificata di tanto in tanto in funzione dell\u2019attivazione di nuovi servizi o a seguito di aggiornamenti di Legge, perci\u00f2 \u00e8 consigliabile controllare periodicamente le eventuali novit\u00e0 in materia consultando il suddetto sito. <br \/>In questa pagina si descrivono le modalit\u00e0 di gestione del sito in riferimento al trattamento dei dati personali degli utenti che lo consultano. Si tratta di un\u2019informativa che \u00e8 resa anche ai sensi dell\u2019art.13 del Regolamento (UE) relativo alla protezione delle persone fisiche con riguardo al trattamento dei dati personali a coloro che interagiscono con i servizi web di <strong>Centro<br \/><\/strong><strong>Medico Eureka s.a.s. di Lucilla lispi, via Flaminia km 189,300 cap 06023 Gualdo Tadino ( PG ) <br \/><\/strong>email: info@centromedicoeureka.it accessibili per via telematica dall\u2019indirizzo<br \/>www.centromedicoeureka.it<br \/>Ulteriori ed eventuali trattamenti dati sono definiti nell\u2019informativa e cookie policy corrispondente alla prima pagina iniziale del sito ufficiale. L\u2019informativa \u00e8 resa solo per il sito di \u201cCentro Medico Eureka\u201d e non anche per altri siti web eventualmente consultati dall\u2019utente tramite link. L\u2019informativa si ispira anche alla Raccomandazione n. 2\/2001 che le autorit\u00e0 europee per la protezione dei dati personali, riunite nel Gruppo istituito dall\u2019art. 29 della direttiva n. 95\/46\/CE hanno adottato il 17 maggio 2001 tuttora considerata una buona prassi, e per effetto del Reg. UE2016\/679 e successive linee guida, per individuare alcuni requisiti minimi per la raccolta di dati personali on-line, e, in particolare, le modalit\u00e0, i tempi e la natura delle informazioni che i titolari del trattamento devono fornire agli utenti quando questi si collegano a pagine web, indipendentemente dagli scopi del collegamento.<br \/><br \/><strong>Il Titolare del trattamento<br \/><\/strong>A seguito della consultazione di questo sito possono essere trattati dati relativi a persone identificate o identificabili. Il \u201ctitolare\u201d del loro trattamento \u00e8 <strong>Centro Medico Eureka s.a.s. di Lucilla Lispi<\/strong>, Via Flaminia km 189,300 \u2013 06023 Gualdo Tadino ( PG )<\/p>\n<p><strong>Responsabile della Protezione dei Dati ( Data Protection Officer \u2013 DPO )<\/strong><\/p>\n<p>Il Responsabile della protezione dei dati ai sensi dell\u2019art. 37 del Reg. UE 2016\/679 \u00e8 Avv. FIORDI LORETTA, contatti: email: avv.fiordilo@gmail.com, telefono: tel. 075.916693 PEC \u00a0loretta.fiordi@avvocatiperugiapec.it\u00a0 <strong>Contitolari del trattamento<\/strong><br \/><strong>Dr.ssa LISPI Lucilla<\/strong><br \/>Il responsabile del trattamento \u00e8: CENTRO MEDICO EUREKA S.A.S. DI LUCILLA LISPI , I dati personali verranno trattati dal nostro personale interno.<\/p>\n<p><strong>Base giuridica del trattamento<br \/><\/strong>I dati personali indicati in questa pagina sono trattati da \u201cCENTROMEDICO EUREKA S.A.S. DI LUCILLA LISPI\u201d per lo svolgimento delle proprie attivit\u00e0. Consenso, esecuzione di un contratto, adempimento di un obbligo legale nonch\u00e9 il perseguimento di un legittimo interesse sono le basi giuridiche che, a seconda dei trattamenti dati svolti sul suddetto sito internet, saranno perseguite.<\/p>\n<p><strong>Luogo di trattamento dei dati e Destinatari<br \/><\/strong>I trattamenti connessi ai servizi <em>web <\/em>di questo sito hanno sede in Italia, presso il \u201c CENTRO MEDICO EUREKA S.A.S. DI LUCILLA LISPI, sono gestiti dal fornitore di servizi <strong>Fleanet Informatica di Biagiotti Roberto<\/strong> e sono curati dal loro personale tecnico (individuato come Responsabile del Trattamento in riferimento all\u2019Art. 28 del Reg. UE 2016\/679).<\/p>\n<p>Nessun dato derivante dal servizio <em>web <\/em>viene diffuso. I dati personali forniti volontariamente dagli utenti che inoltrano richieste di contatto sono utilizzati al solo fine di eseguire il servizio o la prestazione richiesta anche eventualmente tramite fornitori di servizio esterni. Ulteriori destinatari potrebbero venire a conoscenza dei dati personali solo se necessario per le finalit\u00e0 di erogazione del servizio, con le medesime clausole di garanzia sopra riportate.<\/p>\n<p><strong>Tipi di dati trattati e finalit\u00e0 di trattamento<\/strong><\/p>\n<p><em>Dati di navigazione<\/em><\/p>\n<p>I sistemi informatici e le procedure software preposte al funzionamento di questo sito acquisiscono, nel corso del loro normale esercizio, alcuni dati personali la cui trasmissione \u00e8 implicita nell\u2019uso dei protocolli di comunicazione di Internet.<\/p>\n<p>In questa categoria di dati rientrano gli indirizzi IP o i nomi a dominio dei computer e dei terminali utilizzati dagli utenti, gli indirizzi in rotazione URI\/URL (Uniform Resource Identifier\/Locator) delle risorse richieste, l\u2019orario della richiesta, il metodo utilizzato nel sottoporre la richiesta al server, la dimensione del file ottenuto in risposta, il codice numerico indicante lo stato della risposta data dal server (buon fine, errore, ecc.) ed altri parametri relativi al sistema operativo e all\u2019ambiente informatico dell\u2019utente.<\/p>\n<p>Si tratta di informazioni che non sono raccolte per essere associate a interessati identificati, ma che per loro stessa natura potrebbero, attraverso elaborazioni ed associazioni con dati detenuti da terzi, permettere di identificare gli utenti.<\/p>\n<p>In questa categoria di dati rientrano gli indirizzi IP o i nomi a dominio dei computer utilizzati dagli utenti che si connettono al sito, gli indirizzi di notazione URI (Uniform Resource Identificer) delle risorse richieste, l\u2019orario della richiesta, il metodo utilizzato nel sottoporre la richiesta al server, la dimensione del file ottenuto in risposta, il codice numerico indicante lo stato della risposta data dal server (buon fine, errore, ecc.) ed altri parametri relativi al sistema operativo e all\u2019ambiente informatico dell\u2019utente.<\/p>\n<p>Tali dati, necessari per la fruizione dei servizi web, vengono anche trattati allo scopo di:<br \/>\u2013 Ottenere informazioni statistiche sull\u2019uso dei servizi (pagine pi\u00f9 visitate, numero di visitatori per fascia oraria o giornaliera, aree geografiche di provenienza, ecc.);<\/p>\n<p>\u2013 Controllare il corretto funzionamento dei servizi offerti.<\/p>\n<p><em>Dati comunicati dall\u2019utente<\/em><\/p>\n<p>L\u2019invio facoltativo, esplicito e volontario di posta elettronica agli indirizzi di contatto di <strong>Centro Medico Eurka s.a.s. di Lucilla lispi <\/strong>nonch\u00e9 la compilazione e l\u2019inoltro dei moduli presenti sul sito www.centromedicoeureka.it, comportano l\u2019acquisizione dei dati di contatto del mittente, necessari a rispondere, nonch\u00e9 di tutti i dati personali inclusi nelle comunicazioni. Specifiche informative verranno pubblicate nelle pagine del sito www.centromedicoeureka.it predisposte per l\u2019erogazione di determinati servizi.<\/p>\n<p><strong><em>Cookie e altri sistemi di tracciamento<\/em><\/strong><\/p>\n<p><strong>Viene fatto uso di cookie, per tali informazioni, modalit\u00e0 di funzionamento, disattivazione \u00e8 stata predisposta specifica cookie policy visibile al link:<\/strong><a href=\"https:\/\/centromedicoeureka.it\/?page_id=146\"><strong>www.centromedicoeureka.it\/cookie-policy<\/strong><\/a>.<\/p>\n<p>Sono presenti cookie di sessione (non persistenti) in modo strettamente limitato a quanto necessario per la navigazione sicura ed efficiente dei siti. La memorizzazione dei cookie di sessione nei terminali o nei browser \u00e8 sotto il controllo dell\u2019utente, laddove sui server, al termine delle sessioni HTTPS, informazioni relative ai cookie restano registrate nei log dei servizi, con tempi di conservazione propri di ogni singolo gestore terzo del servizio. I dati eventualmente acquisiti attraverso i cookies, e le modalit\u00e0 per la loro gestione, sono descritti in modo completo nel documento \u201ccookie policy\u201d.<a href=\"https:\/\/centromedicoeureka.it\/?page_id=146\">www.centromedicoeureka.it\/cookie-policy\/<\/a><\/p>\n<p><strong>Facoltativit\u00e0 del conferimento dei dati<\/strong><\/p>\n<p>A parte quanto specificato per i dati di navigazione, l\u2019utente \u00e8 libero di fornire i dati personali riportati nei moduli di richiesta informazioni a www.centromedicoeureka.it, all\u2019occorrenza, ogni qualvolta si richiedono tali dati sar\u00e0 fornita specifica informativa e, ove necessario richiesto il consenso.<\/p>\n<p><strong>Modalit\u00e0 di trattamento e misure tecniche organizzative<\/strong><\/p>\n<p>I dati personali sono trattati con strumenti automatizzati per il tempo strettamente necessario a conseguire gli scopi per cui sono stati raccolti. Specifiche misure di sicurezza sono osservate per prevenire la perdita dei dati, usi illeciti o non corretti ed accessi non autorizzati. La informiamo che, per fornire un servizio completo, sono presenti link ad altri siti web gestiti da altri titolari. Ogni trattamento avviene nel rispetto delle modalit\u00e0 di cui agli artt. 6, 32 del GDPR e mediante l\u2019adozione delle adeguate misure di sicurezza previste. Il protocollo di comunicazione del sito \u00e8 protetto con la tecnologia SSL.<\/p>\n<p><strong>Trasferimento dati all\u2019estero<\/strong><\/p>\n<p>Paesi Terzi: I dati forniti volontariamente dall\u2019utente potrebbero essere trasferiti all\u2019estero qualora vengano richiesti servizi specifici quali newsletter. Specifica informativa \u00e8 predisposta visibile all\u2019atto del conferimento di tali dati.<\/p>\n<p><strong>Diritti degli interessati<\/strong><\/p>\n<p>Lei ha diritto di ottenere dal titolare la cancellazione (eventuale diritto all\u2019oblio), la limitazione, l\u2019aggiornamento, la rettificazione, la portabilit\u00e0, l\u2019opposizione al trattamento dei dati personali che La riguardano, nonch\u00e9 in generale pu\u00f2 esercitare tutti i diritti previsti dagli artt. 15, 16, 17, 18, 19, 20, 21, 22 del GDPR, ove applicabili rispetto alle finalit\u00e0 di trattamento dei dati.<\/p>\n<p>Reg.to UE 2016\/679: Artt. 15, 16, 17, 18, 19, 20, 21, 22<\/p>\n<ol>\n<li>L\u2019interessato ha diritto di ottenere la conferma dell\u2019esistenza o meno di dati personali<\/li>\n<\/ol>\n<p>che lo riguardano, anche se non ancora registrati, e la loro comunicazione in forma intelligibile.<\/p>\n<ol start=\"2\">\n<li>L\u2019interessato ha diritto di ottenere l\u2019indicazione:<\/li>\n<li>dell\u2019origine dei dati personali;<\/li>\n<li>delle finalit\u00e0 e modalit\u00e0 del trattamento;<\/li>\n<li>della logica applicata in caso di trattamento effettuato con l\u2019ausilio di strumenti<\/li>\n<\/ol>\n<p>elettronici;<\/p>\n<ol>\n<li>degli estremi identificativi del titolare, dei responsabili e del rappresentante designato<\/li>\n<\/ol>\n<p>ai sensi dell\u2019articolo 5, comma 2;<\/p>\n<ol>\n<li>dei soggetti o delle categorie di soggetti ai quali i dati personali possono essere<\/li>\n<\/ol>\n<p>comunicati o che possono venirne a conoscenza in qualit\u00e0 di rappresentante designato nel territorio dello Stato, di responsabili o incaricati.<\/p>\n<ol start=\"3\">\n<li>L\u2019interessato ha diritto di ottenere:<\/li>\n<li>l\u2019aggiornamento, la rettificazione ovvero, quando vi ha interesse, l\u2019integrazione dei dati;<\/li>\n<li>la cancellazione, la trasformazione in forma anonima o il blocco dei dati trattati in<\/li>\n<\/ol>\n<p>violazione di legge, compresi quelli di cui non \u00e8 necessaria la conservazione in relazione agli scopi per i quali i dati sono stati raccolti o successivamente trattati;<\/p>\n<ol>\n<li>l\u2019attestazione che le operazioni di cui alle lettere a) e b) sono state portate a conoscenza, anche per quanto riguarda il loro contenuto, di coloro ai quali i dati sono stati comunicati o diffusi, eccettuato il caso in cui tale adempimento si rivela impossibile o comporta un impiego di mezzi manifestamente sproporzionato rispetto al diritto tutelato;<\/li>\n<\/ol>\n<ol>\n<li>la portabilit\u00e0 dei dati.<\/li>\n<li>L\u2019interessato ha diritto di opporsi, in tutto o in parte:<\/li>\n<li>per motivi legittimi al trattamento dei dati personali che lo riguardano, ancorch\u00e9<\/li>\n<\/ol>\n<p>pertinenti allo scopo della raccolta;<\/p>\n<ol>\n<li>al trattamento di dati personali che lo riguardano a fini di invio di materiale pubblicitario o di vendita diretta o per il compimento di ricerche di mercato o di comunicazione commerciale.<\/li>\n<\/ol>\n<p><strong>Diritto di reclamo<\/strong><\/p>\n<p>Gli interessati che ritengono che il trattamento dei dati personali a loro riferiti effettuato attraverso questo sito avvenga in violazione di quanto previsto dal Regolamento hanno il diritto di proporre reclamo al Garante, come previsto dall\u2019art. 77 del Regolamento stesso,o di adire le opportune sedi giudiziarie (art. 79 del Regolamento).<\/p>\n\n\n<p><\/p>\n","protected":false},"excerpt":{"rendered":"<p>La Privacy policy di questo sito Soggetti interessati: Navigatori Ai sensi del Regolamento (UE) 2016\/679 (di seguito \u201cRegolamento\u201d), questa pagina descrive le modalit\u00e0 di trattamento dei dati personali degli utenti che consultano il sito web www.centromedicoeureka.it Si precisa che la&#8230;<br \/><a class=\"read-more-button\" href=\"https:\/\/centromedicoeureka.it\/?page_id=139\">Leggi il seguito<\/a><\/p>\n","protected":false},"author":1,"featured_media":0,"parent":0,"menu_order":0,"comment_status":"closed","ping_status":"closed","template":"","meta":{"footnotes":""},"class_list":["post-139","page","type-page","status-publish","hentry"],"_links":{"self":[{"href":"https:\/\/centromedicoeureka.it\/index.php?rest_route=\/wp\/v2\/pages\/139","targetHints":{"allow":["GET"]}}],"collection":[{"href":"https:\/\/centromedicoeureka.it\/index.php?rest_route=\/wp\/v2\/pages"}],"about":[{"href":"https:\/\/centromedicoeureka.it\/index.php?rest_route=\/wp\/v2\/types\/page"}],"author":[{"embeddable":true,"href":"https:\/\/centromedicoeureka.it\/index.php?rest_route=\/wp\/v2\/users\/1"}],"replies":[{"embeddable":true,"href":"https:\/\/centromedicoeureka.it\/index.php?rest_route=%2Fwp%2Fv2%2Fcomments&post=139"}],"version-history":[{"count":7,"href":"https:\/\/centromedicoeureka.it\/index.php?rest_route=\/wp\/v2\/pages\/139\/revisions"}],"predecessor-version":[{"id":151,"href":"https:\/\/centromedicoeureka.it\/index.php?rest_route=\/wp\/v2\/pages\/139\/revisions\/151"}],"wp:attachment":[{"href":"https:\/\/centromedicoeureka.it\/index.php?rest_route=%2Fwp%2Fv2%2Fmedia&parent=139"}],"curies":[{"name":"wp","href":"https:\/\/api.w.org\/{rel}","templated":true}]}}